in base 5?
-13
What is -10101 (base 2) in base 14?
-17
4a (base 12) to base 13
46
Convert -110 (base 2) to base 16.
-6
-21 (base 15) to base 9
-34
187 (base 13) to base 10
280
What is 2 (base 10) in base 2?
10
-6 (base 12) to base 15
-6
What is 50 (base 11) in base 8?
67
Convert 20 (base 3) to base 8.
6
Convert -8 (base 16) to base 15.
-8
Convert -17 (base 13) to base 6.
-32
What is 0 (base 11) in base 8?
0
-121 (base 7) to base 3
-2101
-4 (base 11) to base 15
-4
Convert 21 (base 7) to base 12.
13
-3a (base 13) to base 11
-45
-3 (base 8) to base 16
-3
What is -15 (base 11) in base 5?
-31
What is 1 (base 9) in base 4?
1
What is 17 (base 9) in base 12?
14
3 (base 16) to base 13
3
Convert -1 (base 15) to base 14.
-1
1 (base 13) to base 12
1
Convert 49 (base 10) to base 16.
31
-7 (base 11) to base 8
-7
-114 (base 8) to base 16
-4c
Convert c (base 13) to base 2.
1100
-7 (base 14) to base 12
-7
-1 (base 3) to base 12
-1
What is 37 (base 8) in base 6?
51
-29 (base 10) to base 3
-1002
What is 3031 (base 4) in base 7?
412
What is -25 (base 11) in base 14?
-1d
What is -3 (base 12) in base 11?
-3
What is 1020 (base 4) in base 5?
242
-100 (base 2) to base 13
-4
-143 (base 5) to base 3
-1210
-45 (base 6) to base 2
-11101
What is -210 (base 4) in base 16?
-24
What is 11101010 (base 2) in base 12?
176
Convert 11222 (base 3) to base 2.
10000110
19 (base 12) to base 7
30
50 (base 15) to base 10
75
Convert -100 (base 2) to base 12.
-4
Convert -10 (base 4) to base 12.
-4
What is -10 (base 4) in base 10?
-4
49 (base 12) to base 7
111
What is -2a (base 16) in base 13?
-33
What is -1 (base 12) in base 4?
-1
1 (base 14) to base 16
1
Convert 1 (base 10) to base 9.
1
What is -5 (base 8) in base 7?
-5
1 (base 5) to base 12
1
Convert -12 (base 9) to base 4.
-23
Convert 61 (base 15) to base 6.
231
-134 (base 7) to base 12
-62
Convert 13 (base 4) to base 9.
7
What is 1 (base 13) in base 11?
1
35 (base 12) to base 9
45
-1 (base 4) to base 6
-1
0 (base 14) to base 2
0
-4 (base 5) to base 11
-4
Convert -3 (base 16) to base 4.
-3
What is 13 (base 16) in base 13?
16
Convert 5 (base 7) to base 9.
5
What is 3 (base 8) in base 10?
3
What is -43 (base 11) in base 5?
-142
Convert 30 (base 4) to base 16.
c
113 (base 7) to base 8
73
What is -16 (base 7) in base 14?
-d
Convert -8 (base 16) to base 10.
-8
What is 98 (base 15) in base 13?
b0
Convert 33 (base 7) to base 5.
44
-416 (base 7) to base 13
-131
What is 3 (base 7) in base 16?
3
What is 2 (base 9) in base 3?
2
Convert -3 (base 16) to base 8.
-3
-56 (base 7) to base 10
-41
What is -1000 (base 2) in base 13?
-8
Convert a (base 11) to base 12.
a
-15 (base 8) to base 10
-13
What is -52 (base 16) in base 6?
-214
What is 21 (base 7) in base 4?
33
-321 (base 6) to base 11
-100
Convert -20 (base 7) to base 13.
-11
10 (base 3) to base 15
3
What is 1210 (base 5) in base 14?
cc
What is -e (base 15) in base 13?
-11
-2 (base 12) to base 11
-2
What is 64 (base 7) in base 2?
101110
What is -15 (base 10) in base 4?
-33
Convert -3 (base 6) to base 8.
-3
-6 (base 15) to base 12
-6
-1 (base 15) to base 10
-1
16 (base 14) to base 13
17
What is -1230 (base 5) in base 12?
-13a
-256 (base 11) to base 14
-179
0 (base 7) to base 3
0
6 (base 12) to base 3
20
Convert 0 (base 16) to base 6.
0
1c (base 15) to base 14
1d
-17 (base 10) to base 13
-14
Convert -7b (base 15) to base 11.
-a6
What is -3 (base 15) in base 10?
-3
Convert -2 (base 5) to base 4.
-2
0 (base 3) to base 9
0
16 (base 7) to base 2
1101
Convert -86 (base 10) to base 6.
-222
What is -113 (base 5) in base 6?
-53
-66 (base 9) to base 5
-220
-110 (base 2) to base 7
-6
Convert -33 (base 4) to base 9.
-16
Convert 2 (base 13) to base 10.
2
What is -3 (base 13) in base 10?
-3
5 (base 13) to base 12
5
Convert 31 (base 5) to base 11.
15
What is -21 (base 7) in base 5?
-30
What is -c (base 14) in base 16?
-c
Convert -3 (base 10) to base 2.
-11
Convert -35 (base 7) to base 5.
-101
What is 10 (base 5) in base 2?
101
What is -33 (base 6) in base 10?
-21
15 (base 7) to base 9
13
What is 50 (base 13) in base 6?
145
Convert 10010 (base 2) to base 11.
17
What is 1001010 (base 2) in base 16?
4a
4 (base 7) to base 11
4
Convert 13 (base 6) to base 14.
9
Convert -301 (base 6) to base 2.
-1101101
3 (base 11) to base 8
3
What is 20 (base 8) in base 14?
12
Convert -1 (base 13) to base 14.
-1
Convert -5 (base 6) to base 2.
-101
Convert -2 (base 16) to base 2.
-10
Convert d2 (base 14) to base 4.
2320
What is -12 (base 9) in base 4?
-23
-52 (base 12) to base 3
-2022
Convert 2 (base 16) to base 4.
2
6 (base 8) to base 6
10
What is 1021 (base 3) in base 9?
37
What is -4 (base 14) in base 16?
-4
What is -3 (base 4) in base 9?
-3
Convert -9 (base 15) to base 8.
-11
Convert 5 (base 10) to base 7.
5
-1a7 (base 11) to base 3
-22211
2 (base 10) to base 7
2
Convert -1 (base 11) to base 12.
-1
-1 (base 8) to base 6
-1
Convert 1 (base 9) to base 8.
1
What is 243 (base 8) in base 15?
ad
Convert -38 (base 10) to base 13.
-2c
Convert -1b (base 12) to base 9.
-25
-14b (base 13) to base 14
-128
What is -10 (base 14) in base 6?
-22
-7 (base 13) to base 11
-7
1 (base 14) to base 11
1
What is 11110 (base 3) in base 11?
aa
1 (base 16) to base 2
1
What is 2 (base 12) in base 15?
2
-3 (base 7) to base 5
-3
Convert -3 (base 6) to base 3.
-10
Convert -76 (base 9) to base 8.
-105
What is 0 (base 16) in base 5?
0
What is 7 (base 15) in base 5?
12
-22 (base 8) to base 4
-102
Convert -9 (base 10) to base 15.
-9
221 (base 4) to base 15
2b
Convert 221 (base 9) to base 5.
1211
What is -163 (base 13) in base 10?
-250
What is 17 (base 13) in base 16?
14
What is 1 (base 5) in base 4?
1
12 (base 4) to base 11
6
Convert 0 (base 9) to base 13.
0
What is -158 (base 10) in base 5?
-1113
221 (base 4) to base 14
2d
24 (base 15) to base 5
114
What is 20 (base 7) in base 15?
e
What is 0 (base 5) in base 7?
0
What is -3 (base 7) in base 12?
-3
Convert -107 (base 10) to base 16.
-6b
What is -bf (base 16) in base 15?
-cb
What is 5 (base 9) in base 10?
5
What is -37 (base 12) in base 5?
-133
Convert -16 (base 11) to base 9.
-18
What is c (base 16) in base 14?
c
What is -31 (base 7) in base 16?
-16
Convert -53 (base 6) to base 2.
-100001
2 (base 9) to base 2
10
20 (base 5) to base 13
a
What is -114 (base 6) in base 10?
-46
What is -3 (base 13) in base 10?
-3
What is -4 (base 5) in base 9?
-4
1d (base 15) to base 2
11100
-2 (base 8) to base 4
-2
19 (base 16) to base 13
1c
What is -63 (base 9) in base 3?
-2010
-3d (base 15) to base 5
-213
-26 (base 15) to base 4
-210
Convert 13 (base 13) to base 12.
14
What is -41 (base 16) in base 5?
-230
What is 44 (base 5) in base 11?
22
Convert 2 (base 4) to base 5.
2
What is 122 (base 4) in base 10?
26
What is 24 (base 13) in base 5?
110
Convert 25 (base 12) to base 4.
131
16 (base 15) to base 11
1a
What is 0 (base 9) in base 14?
0
3 (base 9) to base 3
10
Convert 2 (base 5) to base 11.
2
-34 (base 7) to base 6
-41
What is -48 (base 11) in base 14?
-3a
Convert 102 (base 3) to base 5.
21
What is 326 (base 7) in base 9?
205
-8 (base 12) to base 9
-8
-11 (base 12) to base 7
-16
31 (base 9) to base 12
24
What is -1 (base 4) in base 9?
-1
1 (base 13) to base 8
1
Convert 4a (base 13) to base 11.
57
What is 5 (base 13) in base 16?
5
Convert 2 (base 8) to base 16.
2
Convert 111 (base 9) to base 10.
91
Convert 20 (base 3) to base 16.
6
What is 3 (base 7) in base 11?
3
-2 (base 16) to base 14
-2
-33 (base 11) to base 8
-44
-4 (base 10) to base 11
-4
9c (base 16) to base 7
312
What is 1021 (base 5) in base 7?
253
20 (base 12) to base 16
18
-72 (base 11) to base 13
-61
What is 8 (base 10) in base 11?
8
Convert 10 (base 8) to base 9.
8
What is 522 (base 7) in base 4?
10011
-3a (base 16) to base 4
-322
What is 13 (base 15) in base 4?
102
Convert 65 (base 15) to base 6.
235
Convert 50 (base 12) to base 8.
74
Convert 100 (base 3) to base 9.
10
Convert -12 (base 14) to base 15.
-11
What is 112 (base 4) in base 3?
211
What is 2 (base 3) in base 11?
2
What is -2204 (base 5) in base 10?
-304
-10222 (base 3) to base 5
-412
15 (base 7) to base 2
1100
What is -5 (base 12) in base 7?
-5
What is -6a (base 11) in base 10?
-76
What is 23 (base 5) in base 10?
13
Convert 23 (base 15) to base 5.
113
What is 2 (base 4) in base 13?
2
-3 (base 13) to base 1